hat is 0 - 143?
-143
In base 6, what is 215 - 5?
210
In base 7, what is -1536 + -3?
-1542
In base 2, what is 10100 + -1100001?
-1001101
In base 15, what is -2 + 53?
51
In base 13, what is 801 - -5?
806
In base 4, what is 12320 - 10?
12310
In base 16, what is 18 + -8c?
-74
In base 16, what is -ac - 19?
-c5
In base 16, what is 1 - -17f?
180
In base 14, what is 26 + -4?
22
In base 5, what is 2 + -4021?
-4014
In base 5, what is -13423 + -1?
-13424
In base 4, what is 31 + 11?
102
In base 2, what is 0 - -101111?
101111
In base 16, what is 94 - 2?
92
In base 15, what is -2 + 6?
4
In base 5, what is 102 - 4?
43
In base 3, what is -210 - -20100?
12120
In base 8, what is 7 + 363?
372
In base 3, what is -11100 - 12210?
-101010
In base 11, what is 156 + -10?
146
In base 9, what is 130 + -85?
34
In base 3, what is 112221 - 11?
112210
In base 5, what is 44 - -13?
112
In base 2, what is -10010011 + 10000?
-10000011
In base 5, what is -4 + 10131?
10122
In base 12, what is -3 + 322?
31b
In base 6, what is 0 - 10202?
-10202
In base 15, what is -2 + 212?
210
In base 16, what is -5 + c5?
c0
In base 8, what is -6 + 0?
-6
In base 9, what is -16324 - 3?
-16327
In base 16, what is -9b - -5?
-96
In base 13, what is 82 - -49?
cb
In base 13, what is -635 + 27?
-60b
In base 5, what is 14320 - -10?
14330
In base 9, what is 1 - -485?
486
In base 3, what is 12 + -2110111?
-2110022
In base 7, what is -2 + -114?
-116
In base 9, what is 130 + 101?
231
In base 10, what is -2 - -993?
991
In base 8, what is 5031 + 2?
5033
In base 11, what is 31 + 44?
75
In base 2, what is -1011011 + 11?
-1011000
In base 3, what is -12 + -22?
-111
In base 5, what is -2 + 24?
22
In base 6, what is -2 - 3?
-5
In base 7, what is 1 - 43?
-42
In base 3, what is -11111 - 211?
-12022
In base 14, what is -33 - -3b8?
385
In base 10, what is 49 + -1?
48
In base 5, what is -2424 - -1?
-2423
In base 16, what is 1d - -10f?
12c
In base 3, what is 0 - -1201?
1201
In base 10, what is -1 + 53?
52
In base 4, what is 10 - 2033?
-2023
In base 14, what is 2 + 93?
95
In base 15, what is -26 - -6?
-20
In base 4, what is -10212300 - -3?
-10212231
In base 10, what is 0 - -57?
57
In base 3, what is -110200 - 11?
-110211
In base 5, what is -104223 + 2?
-104221
In base 15, what is -1321 - -5?
-131b
In base 11, what is -58 - 11?
-69
In base 3, what is 10211 - 2?
10202
In base 7, what is 543 + 5?
551
In base 6, what is 4104 - -4?
4112
In base 16, what is 34fd - 0?
34fd
In base 11, what is -820 - 1?
-821
In base 15, what is -3 - 3a?
-3d
In base 7, what is 1025 + -4?
1021
In base 15, what is -58 + -1a?
-73
In base 15, what is -5 - 344?
-349
In base 11, what is 109 - 0?
109
In base 3, what is -110 - -121021?
120211
In base 14, what is -4a3 + -3?
-4a6
In base 13, what is -1a + 63?
46
In base 3, what is 0 + -1021201?
-1021201
In base 12, what is a8 + 2?
aa
In base 10, what is 441 + 39?
480
In base 16, what is 8af - -3?
8b2
In base 2, what is 10110 - -1001000?
1011110
In base 2, what is -10011 + 1011010?
1000111
In base 7, what is 252 + -200?
52
In base 8, what is -7 + 7?
0
In base 14, what is -d + -26?
-35
In base 5, what is -4 - -40111?
40102
In base 5, what is -2341 - -4?
-2332
In base 4, what is 11 + 1001?
1012
In base 2, what is 100 + -1011000?
-1010100
In base 13, what is 19a + -44?
156
In base 5, what is 2000 + 1?
2001
In base 8, what is -135 - 121?
-256
In base 6, what is -22315 + -4?
-22323
In base 10, what is 4797 - -2?
4799
In base 9, what is 16 + 10?
26
In base 8, what is 7 + 2?
11
In base 12, what is 2 + -b25?
-b23
In base 15, what is 18c + -6?
186
In base 12, what is b + -89?
-7a
In base 4, what is -1 - 320120?
-320121
In base 15, what is -37 + 12?
-25
In base 5, what is -11 - -1033?
1022
In base 12, what is 17 - -46?
61
In base 4, what is -3032 - 2?
-3100
In base 6, what is -5 + 2114?
2105
In base 16, what is c2 - 5?
bd
In base 6, what is 0 - -505?
505
In base 14, what is -12 - 2a?
-3c
In base 15, what is -4 + b87?
b83
In base 16, what is 1e02 + 3?
1e05
In base 12, what is 23 + -89?
-66
In base 12, what is 4 + -18b?
-187
In base 9, what is 60 - 15?
44
In base 11, what is 5 + 2?
7
In base 2, what is 10111111 - -10?
11000001
In base 7, what is 1165 - 6?
1156
In base 6, what is -145 + -2?
-151
In base 12, what is 2 - -38?
3a
In base 10, what is -4 + 217?
213
In base 4, what is -20 - 30?
-110
In base 8, what is 52 - 41?
11
In base 2, what is 1110000 + 100?
1110100
In base 5, what is 41 + 114?
210
In base 14, what is 0 - -4c3?
4c3
In base 13, what is 1 - -18?
19
In base 8, what is -12 + -133?
-145
In base 6, what is 5 + -12531?
-12522
In base 11, what is 4 - 4044?
-4040
In base 13, what is 70 + a?
7a
In base 5, what is -22312 - -3?
-22304
In base 12, what is -12 + 124b?
1239
In base 14, what is 18 + -1a?
-2
In base 2, what is -11 - -100010100101?
100010100010
In base 2, what is -101 + -11101100?
-11110001
In base 5, what is -1204 + 332?
-322
In base 15, what is -18a + 17?
-173
In base 10, what is 91 + -3?
88
In base 4, what is 11 - -10003?
10020
In base 6, what is 405 - 251?
114
In base 7, what is -205 + 11?
-164
In base 2, what is 1100 - 11111100?
-11110000
In base 6, what is -5 + -1?
-10
In base 7, what is 1 - -20?
21
In base 12, what is 1 + 14?
15
In base 6, what is 151 + 152?
343
In base 5, what is 14 - -410?
424
In base 5, what is 10424 - -4?
10433
In base 9, what is 0 + 181?
181
In base 8, what is 24 + 57?
103
In base 2, what is 1101110 - 1?
1101101
In base 5, what is -1 + 30?
24
In base 5, what is -10 + -110342?
-110402
In base 3, what is -11 - -10?
-1
In base 6, what is 1300 - 13?
1243
In base 3, what is -1201 + -11?
-1212
In base 9, what is -28 - -27?
-1
In base 13, what is 393 + -4?
38c
In base 4, what is -11102200 - 0?
-11102200
In base 9, what is 35 + 11?
46
In base 4, what is -20 + -123?
-203
In base 15, what is 20 + 6?
26
In base 12, what is 1 + -aa1?
-aa0
In base 8, what is 6 - -214?
222
In base 10, what is 597 - 5?
592
In base 2, what is 10110100 + 10?
10110110
In base 3, what is 111000201 + -12?
111000112
In base 11, what is -3 + 31?
29
In base 15, what is -6d - 3?
-71
In base 3, what is -21222 - 1022?
-100021
In base 16, what is 6 + -146?
-140
In base 15, what is -35 - -48?
13
In base 9, what is 0 + 3643?
3643
In base 12, what is -1 + 1?
0
In base 9, what is -10 + -16?
-26
In base 16, what is -b + 9?
-2
In base 5, what is -2 + -4?
-11
In base 14, what is 1 + 1ad?
1b0
In base 13, what is 5 - -49?
51
In base 5, what is 4 + -141?
-132
In base 7, what is -1133 + -3?
-1136
In base 10, what is 3696 - -5?
3701
In base 14, what is -98 - -5?
-93
In base 12, what is -27 - 2?
-29
In base 5, what is 143 - 21?
122
In base 7, what is 65 - 0?
65
In base 2, what is -10001011 + -1010?
-10010101
In base 8, what is -6 - -32?
24
In base 4, what is 31 + 3112?
3203
In base 9, what is 488 + -1?
487
In base 14, what is -c - -77?
69
In base 16, what is 0 - -97?
97
In base 2, what is 111000 + -1111011?
-1000011
In base 7, what is -35 + -1602?
-1640
In base 5, what is -3002 - -4?
-2443
In base 8, what is 45 - -7?
54
In base 16, what is -6 + -15?
-1b
In base 6, what is 202 - -2?
204
In base 2, what is 1000001 + 10000?
1010001
In base 7, what is -30 + 42?
12
In base 13, what is 2 - -16?
18
In base 10, what is -1009 + 14?
-995
In base 12, what is 6b7 + -6?
6b1
In base 7, what is -325 + -46?
-404
In base 8, what is -77 + 3?
-74
In base 7, what is 13 + -25?
-12
In base 10, what is -9 - -625?
616
In base 7, what is -2 + -6162?
-6164
In base 8, what is 1567 + 0?
1567
In base 2, what is 1011000 - 11?
1010101
In base 13, what is -7 - -3?
-4
In base 12, what is 5 + -48?
-43
In base 14, what is 10b01 - -5?
10b06
In base 3, what is 11 + -10102?
-10021
In base 13, what is 13c + 5?
144
In base 14, what is 6 - -2?
8
In base 7, what is -4 - -30?
23
In base 2, what is -11 + 1001100?
1001001
In base 7, what is -2446 - 4?
-2453
In base 7, what is -3 + -1540?
-1543
In base 6, what is 3 - 321?
-314
In base 2, what is -101 + -11101?
-100010
In base 16, what is 9a - a?
90
In base 7, what is -6 + -136?
-145
In base 4, what is 1 + -100302?
-100301
In base 11, what is 21376 + 2?
21378
In base 4, what is -10 - 311?
-321
In base 16, what is 14 + -1?
13
In base 4, what is 10 + -1123?
-1113
In base 2, what is 100111010 - 10?
100111000
In base 7, what is 1 